multiple of 9?
True
Is 17459 a multiple of 79?
True
Is 66 a factor of 41144?
False
Does 4 divide 551?
False
Does 52 divide 359?
False
Is 96 a multiple of 11?
False
Is 1976 a multiple of 52?
True
Is 30401 a multiple of 213?
False
Is 14 a multiple of 4?
False
Does 65 divide 4674?
False
Does 11 divide 466?
False
Is 30 a factor of 7408?
False
Is 1243 a multiple of 18?
False
Does 6 divide 2430?
True
Is 10200 a multiple of 28?
False
Is 82 a factor of 1066?
True
Is 5 a factor of 592?
False
Does 16 divide 2016?
True
Does 19 divide 1634?
True
Is 29315 a multiple of 13?
True
Is 96 a multiple of 96?
True
Is 9917 a multiple of 211?
True
Does 175 divide 28889?
False
Does 27 divide 630?
False
Is 17 a factor of 27636?
False
Does 13 divide 1807?
True
Is 7 a factor of 896?
True
Is 26 a factor of 39182?
True
Is 77300 a multiple of 7?
False
Does 14 divide 1632?
False
Is 4565 a multiple of 55?
True
Does 91 divide 1361?
False
Does 63 divide 317?
False
Does 46 divide 10388?
False
Is 10298 a multiple of 149?
False
Does 7 divide 930?
False
Does 110 divide 4730?
True
Is 29624 a multiple of 10?
False
Does 8 divide 42072?
True
Is 96636 a multiple of 12?
True
Does 54 divide 8972?
False
Is 2104 a multiple of 41?
False
Is 42 a factor of 15708?
True
Is 24 a factor of 2923?
False
Is 11829 even?
False
Is 63720 a multiple of 177?
True
Is 366 a multiple of 42?
False
Is 61731 a multiple of 77?
False
Is 17 a factor of 3086?
False
Is 1470 a multiple of 75?
False
Is 20828 a multiple of 164?
True
Does 22 divide 1478?
False
Is 2098 a multiple of 8?
False
Is 66 a factor of 457?
False
Is 201 a factor of 2183?
False
Is 5720 a multiple of 22?
True
Is 50 a factor of 510?
False
Is 8120 a multiple of 13?
False
Is 34 a factor of 3993?
False
Is 45716 a multiple of 44?
True
Does 139 divide 446?
False
Does 17 divide 6936?
True
Is 6434 a multiple of 81?
False
Does 50 divide 4050?
True
Is 6 a factor of 552?
True
Is 12 a factor of 168?
True
Does 66 divide 24090?
True
Does 34 divide 972?
False
Is 678 a multiple of 6?
True
Is 3 a factor of 6851?
False
Does 3 divide 7302?
True
Does 24 divide 12906?
False
Does 15 divide 6750?
True
Is 24 a factor of 7596?
False
Is 999 a multiple of 37?
True
Does 6 divide 2598?
True
Is 85 a factor of 37298?
False
Does 91 divide 1820?
True
Is 14906 a multiple of 62?
False
Is 20 a factor of 7780?
True
Is 17378 a multiple of 50?
False
Does 3 divide 1379?
False
Is 53 even?
False
Is 2197 a multiple of 13?
True
Does 21 divide 111216?
True
Is 61 a factor of 244?
True
Does 104 divide 6611?
False
Is 150 a factor of 8850?
True
Is 41382 a multiple of 33?
True
Is 221 a multiple of 13?
True
Is 2 a factor of 987?
False
Is 49476 a multiple of 13?
False
Does 4 divide 24964?
True
Is 6 a factor of 126?
True
Is 2222 a multiple of 101?
True
Is 397 a multiple of 10?
False
Does 13 divide 23158?
False
Is 2034 a multiple of 18?
True
Does 10 divide 1663?
False
Does 10 divide 26479?
False
Does 5 divide 190?
True
Is 365 a multiple of 12?
False
Is 8 a factor of 2166?
False
Is 1080 a multiple of 36?
True
Is 40 a factor of 240?
True
Does 9 divide 4600?
False
Is 3244 a multiple of 116?
False
Is 121 a factor of 2298?
False
Does 162 divide 32428?
False
Is 18 a factor of 7287?
False
Is 1195 a multiple of 38?
False
Is 14814 a multiple of 12?
False
Is 17903 a multiple of 148?
False
Is 9882 a multiple of 6?
True
Does 105 divide 2310?
True
Is 506 a multiple of 23?
True
Is 639 a multiple of 33?
False
Is 29 a factor of 14669?
False
Is 11587 a multiple of 23?
False
Does 27 divide 905?
False
Does 7 divide 315?
True
Is 12 a factor of 1297?
False
Is 440 a multiple of 22?
True
Does 13 divide 12513?
False
Is 519 a multiple of 55?
False
Does 36 divide 44604?
True
Is 21719 a multiple of 9?
False
Does 16 divide 3152?
True
Does 69 divide 4347?
True
Is 7625 a multiple of 125?
True
Is 6627 a multiple of 50?
False
Is 33 a factor of 16125?
False
Does 38 divide 14326?
True
Does 20 divide 782?
False
Does 7 divide 10500?
True
Does 13 divide 1775?
False
Does 38 divide 54637?
False
Is 24 even?
True
Is 55 a factor of 440?
True
Is 144 a factor of 14688?
True
Does 96 divide 1536?
True
Does 12 divide 6768?
True
Is 1329 a multiple of 61?
False
Is 868 a multiple of 62?
True
Is 256 a multiple of 4?
True
Is 204 a multiple of 17?
True
Is 17 a factor of 120284?
False
Is 90 a factor of 24665?
False
Is 560 a multiple of 5?
True
Does 12 divide 37311?
False
Is 174 a multiple of 13?
False
Is 19 a factor of 23484?
True
Is 1960 a multiple of 47?
False
Is 23 a factor of 1173?
True
Is 522 a multiple of 42?
False
Is 181 a factor of 16652?
True
Is 10 a factor of 7760?
True
Is 36 a multiple of 3?
True
Does 2 divide 262?
True
Is 2860 a multiple of 103?
False
Does 37 divide 10192?
False
Is 9 a factor of 3135?
False
Is 108 a factor of 3417?
False
Is 70 a factor of 5445?
False
Is 4 a factor of 188?
True
Does 10 divide 2030?
True
Does 9 divide 1359?
True
Is 35 a factor of 5825?
False
Is 5493 a multiple of 68?
False
Is 286 a multiple of 33?
False
Does 101 divide 8585?
True
Is 7 a factor of 12181?
False
Is 24024 a multiple of 364?
True
Is 4 a factor of 4928?
True
Is 3 a factor of 1317?
True
Is 11 a factor of 24013?
True
Is 5 a factor of 30?
True
Is 19 a factor of 884?
False
Does 228 divide 59090?
False
Is 32 a factor of 28806?
False
Does 69 divide 773?
False
Is 9 a factor of 64?
False
Is 10 a factor of 1160?
True
Is 8 a factor of 340?
False
Does 23 divide 429?
False
Is 35 a factor of 236?
False
Is 41045 a multiple of 5?
True
Is 420 a multiple of 12?
True
Is 42 a factor of 5460?
True
Is 13 a factor of 1322?
False
Does 23 divide 5957?
True
Does 7 divide 32529?
True
Is 11 a factor of 324?
False
Does 3 divide 28?
False
Does 42 divide 34088?
False
Does 30 divide 417?
False
Does 30 divide 2931?
False
Does 159 divide 7749?
False
Does 17 divide 119?
True
Is 56 a factor of 7159?
False
Is 21 a factor of 7138?
False
Does 8 divide 520?
True
Does 16 divide 2192?
True
Is 96 a factor of 2304?
True
Is 376 a multiple of 12?
False
Is 7 a factor of 2337?
False
Does 30 divide 1554?
False
Is 17 a factor of 9401?
True
Does 169 divide 88725?
True
Is 1121 a multiple of 3?
False
Is 91 a factor of 364?
True
Is 10 a factor of 4398?
False
Does 41 divide 51479?
False
Is 7 a factor of 287?
True
Is 384 a multiple of 48?
True
Is 153 a multiple of 4?
False
Does 15 divide 253?
False
Is 7 a factor of 1141?
True
Is 9 a factor of 502?
False
Does 31 divide 7657?
True
Is 40 a factor of 320?
True
Does 11 divide 95916?
False
Is 15021 a multiple of 9?
True
Does 13 divide 279?
False
Is 26 a factor of 494?
True
Is 19 a factor of 2271?
False
Is 44 a factor of 21934?
False
Is 8096 a multiple of 16?
True
Is 1128 a multiple of 10?
False
Does 138 divide 22943?
False
Does 18 divide 24974?
False
Is 26392 a multiple of 11?
False
Is 9 a factor of 576?
True
Is 303 a multiple of 24?
False
Is 1781 a multiple of 15?
False
Does 3 divide 1096?
False
Does 19 divide 196?
False
Is 29 a factor of 4829?
False
Is 1275 a multiple of 25?
True
Is 10 a factor of 34?
False
Is 70 a factor of 15958?
False
Is 94593 a multiple of 121?
False
Is 5 a factor of 1270?
True
Does 23 divide 34776?
True
Is 3795 a multiple of 13?
False
Is 30077 a multiple of 19?
True
Is 115 a factor of 8688?
False
Is 5073 a multiple of 89?
True
Is 3584 a multiple of 56?
True
Is 2 a factor of 193?
False
Does 16 divide 1184?
True
Is 283 a factor of 47261?
True
Is 59 a factor of 3776?
True
Does 136 divide 8840?
True
Does 55 divide 136400?
True
Does 15 divide 9495?
True
Is 27 a factor of 459?
True
Is 17 a factor of 435?
False
Does 139 divide 1390?
True
Is 9 a factor of 8985?
False
Is 32 a factor of 1920?
True
Does 11 divide 14558?
False
Is 12 a factor of 22366?
False
Is 33 a factor of 15510?
True
Is 99 even?
False
Is 17 a factor of 1117?
False
Does 19 divide 3002?
True
Does 28 divide 1111?
False
Is 174 a multiple of 17?
False
Is 6 a factor of 422?
False
Is 8649 a multiple of 28?
False
Is 47 a factor of 6768?
True
Is 22 a factor of 3849?
False
Is 33825 a multiple of 123?
True
Is 11622 a multiple of 27?
False
Is 60 a factor of 718?
False
Is 203 a multiple of 7?
True
Does 140 divide 9660?
True
Does 305 divide 48495?
True
Is 21 a factor of 462?
True
Is 222 a factor of 53058?
True
Is 19 a factor of 1596?
True
Is 247 a multiple of 19?
True
Does 37 divide 55610